at is the remainder when 142 is divided by l?
14
What is the remainder when 112 - 7/((-21)/18) is divided by 11?
8
Let o(j) = 2*j + 28. What is the remainder when o(0) is divided by 11?
6
Let m(o) = o + 1. Let j be m(4). Suppose w + 0*w = j. What is the remainder when 8 is divided by w?
3
Let c be ((-6)/4)/((-1)/142). Calculate the remainder when 4/(-3 - c/(-69)) is divided by 16/1*(0 - -1).
14
Let k(x) = x**2 + 5*x + 10. Calculate the remainder when 23 is divided by k(-4).
5
What is the remainder when 3272/26 - (-6)/39 is divided by 19?
12
Let u = 271 + -189. Suppose r - u = -r. Suppose -3*v + 22 + 41 = 0. Calculate the remainder when r is divided by v.
20
Suppose 65 + 11 = 4*l. Let a be (5/10)/((-2)/(-12)). Suppose -x + a*v + 36 = 2*x, -3*x = v - 28. Calculate the remainder when l is divided by x.
9
Let o(p) be the first derivative of -4*p**3/3 - p**2/2 + p + 1. Let j be o(-2). Let w = 19 + j. What is the remainder when 11 is divided by w?
5
Let i(a) = -2*a. Let m be i(-9). Let d = 13 - 9. Calculate the remainder when d is divided by (-18)/m*(0 + -2).
0
Let n = 105 + -42. What is the remainder when n is divided by 16?
15
Suppose -63 = -3*s - 18. Let x = -70 + 79. What is the remainder when s is divided by x?
6
Let o(i) = 12*i**2 - 3*i + 3. Let y be o(2). Suppose 5*p = 2*p + y. Calculate the remainder when 44 is divided by p.
14
Suppose -4*r + 37 = -0*h + h, r - 4 = 0. Calculate the remainder when h is divided by 6.
3
Let u be ((-8)/(-12))/((-1)/(-3)). Suppose -j = u + 4. Calculate the remainder when (-242)/(-14) - j/(-21) is divided by 9.
8
Suppose 5*w - 2 = 4*w. Suppose -5*n + m + 25 = 0, -3*n + 3*m = -0*n - 15. Calculate the remainder when n is divided by w.
1
Let f(x) = -5*x - 10. Suppose 34 + 2 = -4*m. Calculate the remainder when f(m) is divided by 18.
17
Let h = -12 + 23. Let g = -10 - -16. Calculate the remainder when h is divided by g.
5
Calculate the remainder when 3 is divided by (-3)/7*(-14)/2.
0
Let p(m) = -6*m + 4. Calculate the remainder when 30 is divided by p(-2).
14
Let u = -34 + 113. What is the remainder when u is divided by 62/3 + (-14)/21?
19
Suppose -3*j = -4*h + 52, 2*h = 4*h + j - 16. Let o = -9 + h. Let d = 9 - 6. What is the remainder when d is divided by o?
0
Suppose -2*p - 5*c = p, -4*c - 2 = 2*p. What is the remainder when 22 is divided by p?
2
What is the remainder when 26 is divided by (-9)/12*20/(-2)*2?
11
Let a(w) = -w**3 - 6*w**2 - w + 5. Calculate the remainder when a(-6) is divided by 3.
2
Let j = 2 - 14. Let k = j - -25. What is the remainder when 37 is divided by k?
11
Suppose -30 = 4*n + 74. Let o = n + 37. Calculate the remainder when o is divided by 6.
5
Let z = 88 - 40. What is the remainder when 189 is divided by z?
45
Let i(y) = y - 4. Let j be i(7). Calculate the remainder when 2 + 1*201/j is divided by 18.
15
Let c(o) = 2*o**2 + 15*o - 4. Let v be c(-11). Suppose -k = 3*r - 13 - 4, 2*r = 3*k - v. Calculate the remainder when 66 is divided by k.
20
Let l(b) = b**3 - 4*b**2 - 4*b + 5. Let s be l(6). Let m = s + 15. Suppose 5*i - m = i. What is the remainder when i is divided by 6?
5
Let r = -56 + 74. What is the remainder when 52 is divided by r?
16
Let d be 261/(-15) + 4/10. Let z = d + 30. Calculate the remainder when 37 is divided by z.
11
Suppose 39 = h - 4*p + 6, 2*p = 4*h - 76. Calculate the remainder when h is divided by 2*-1 - 16/(-2).
5
Let l(y) = y**2 - y + 3. Let i = -11 - -15. Suppose -5*d + 30 + 10 = 0. What is the remainder when l(i) is divided by d?
7
Let z be (-1)/(0 + 1) + -32. Suppose -2*s - 2*s = -o - 11, -5*o - s - 97 = 0. Let y = o - z. Calculate the remainder when 40 is divided by y.
12
Let m be (-368)/20*(-15)/6. Let a = m + -26. Calculate the remainder when 38 is divided by a.
18
Calculate the remainder when 58 is divided by (6 + 6)/(1/1 - 0).
10
Suppose -24 = -5*g - 2*a, -a = -2*g + a + 4. Suppose 2 + g = 3*x. Calculate the remainder when 4 is divided by x.
0
Suppose 0 = 4*y + 4*z - 356, 2*z + 160 = 2*y - 10. What is the remainder when y is divided by 30?
27
Suppose -2*m - 7 + 21 = 0. What is the remainder when 27 is divided by m?
6
Let j = 17 + -18. What is the remainder when (-3 - (-68 - j)) + 2 is divided by 23?
20
Let b(a) = 2*a - 4. Let q be b(3). Suppose 3*x - q*h - 13 = 7, -2*x = 2*h - 10. Calculate the remainder when x is divided by 3.
0
Let d = 28 - 24. Calculate the remainder when 12 is divided by d.
0
Suppose 0 = -x + 5*r - r + 20, 5 = r. Suppose 2*q - 4*q = 0. What is the remainder when x is divided by q/(-1) + (-10 - -24)?
12
Let q = 483 + -472. What is the remainder when -1 - -2*1 - -40 is divided by q?
8
Suppose -2*s = -10 - 8. Let k = 31 - s. Calculate the remainder when k is divided by 6.
4
Let v(l) = l**3 - 5*l**2 + 3*l - 7. Suppose -3*a + 10 = -8. Suppose 15 = a*n - 3*n. Calculate the remainder when v(5) is divided by n.
3
Suppose -x + 6 + 8 = 0. Suppose 282 = -4*i + 86. Let v = i + 89. Calculate the remainder when v is divided by x.
12
Suppose -659 = -5*j + 4*t, 11*t + 525 = 4*j + 10*t. What is the remainder when j is divided by 44?
43
Let b(g) = 3*g**2 + 3*g - 4. Suppose 4*f + m + 11 = 1, 5 = -3*f - 2*m. What is the remainder when b(f) is divided by 5?
4
Let i(q) = q**2 + 5*q + 4. Let z be i(-4). Suppose 0 = -z*l - 5*l + 45. What is the remainder when l is divided by 5?
4
Suppose -2*i - j = -12, 4*i - j + 6*j - 30 = 0. Let g = 49 - i. Calculate the remainder when g is divided by ((-10)/4)/((-2)/12).
14
Suppose 18 + 9 = -3*d. Let p = d + 13. Suppose 5 + 55 = p*g. What is the remainder when 43 is divided by g?
13
Suppose -39 = -4*b + 3*b + 5*a, 5*a - 9 = -b. Let o be ((-3)/9)/((-4)/12). Calculate the remainder when b is divided by 16/o - (-48)/(-16).
11
Suppose 2*d - 4 = 22. Let j(m) = m**3 + 8*m**2 - 4*m + 5. Calculate the remainder when j(-8) is divided by d.
11
Suppose 82 = g - 129. Calculate the remainder when g is divided by 53.
52
Let o(g) = -g**3 + 7*g**2 + 1. Let j be o(7). Let u(y) = 17*y**3 - 2*y**2 + 1. What is the remainder when u(j) is divided by 6?
4
Calculate the remainder when -2 - 0 - (-78)/6 is divided by 2/(-8) - (-100)/16.
5
Suppose -2*y - 3*a + 4*a + 38 = 0, -2*a = y - 19. Let b = 523 + -519. Calculate the remainder when y is divided by b.
3
Suppose -4*i = -31 + 11. Suppose 10*q - i*q - 65 = 0. Suppose 0 = -3*y + 3*a + 84, -2*y + 6*y + 4*a - 88 = 0. What is the remainder when y is divided by q?
12
Let h = 31 - 20. What is the remainder when h is divided by (-40)/15*(-6)/4?
3
Let x(n) = 3*n - 1. Let g be x(2). Suppose -g*a + 202 = -3*a. What is the remainder when a is divided by 26?
23
Suppose -4*a + 7 = -17. Suppose 2*v + a = 4*v. Let i = v + 1. Calculate the remainder when i is divided by 3.
1
Let h be ((-3)/12)/((-6)/24). Suppose -k + h = -3. What is the remainder when 17 is divided by k?
1
Suppose 451 - 171 = 8*y. What is the remainder when y is divided by 18?
17
Suppose 3*i = i - 2*a + 8, -5*i = -2*a - 20. Let k = i - 0. What is the remainder when 6 is divided by k?
2
Let k be (-1 + 2/4)*4. Let h be (-1)/((-3)/(-6))*k. Suppose -h*z = -0*v - 2*v - 74, v = 5*z - 88. Calculate the remainder when z is divided by 6.
5
Let t(c) = 3*c**2 + 1. Let q be t(-1). Suppose -q = -5*w - 4*v + 9, 5*w - 2*v - 1 = 0. What is the remainder when 3 is divided by w?
0
Let n(f) = -f**3 + 2*f + 1. Let k be n(-1). Suppose k = 4*b + 47 - 147. What is the remainder when 73 is divided by b?
23
Calculate the remainder when (-1 + -2)/((-7)/35) is divided by 9.
6
Let i(j) be the third derivative of -j**6/120 - j**5/5 + 5*j**4/12 - 3*j**3/2 + j**2. What is the remainder when i(-13) is divided by 16?
14
Let z = 2 + 0. Suppose -4*g = r + z*r - 60, 3*g - 34 = -5*r. Suppose -5*p + 45 = y, -2*p + 6*p = 2*y + 50. What is the remainder when g is divided by p?
8
Suppose 5*v = -w - 0*v + 30, 4*v - 101 = -3*w. What is the remainder when w is divided by 18?
17
Let a be (-1)/(2*(-3)/24). Suppose 46 = 2*d + a*b, -4*d = -2*b - 54 - 58. Calculate the remainder when d is divided by 10.
7
Let u(v) = 6*v**2 + 2*v - 2. Suppose -8*z = -13 - 115. Calculate the remainder when u(-3) is divided by z.
14
Let t(b) = 22*b - 5. What is the remainder when t(4) is divided by 21?
20
Let g be -25 + -1*(0 + -1). Let z = g - -60. Suppose -z = -u + 5*c, 4*u + c - 48 = -3*c. What is the remain